0 = 293*p. What is the remainder when 40 is divided by p?
0
Let z(q) = 3*q**2 + 0*q + 15*q**2 - q + 3*q**2. What is the remainder when z(-1) is divided by -3*1/((-3)/8)?
6
Let c(s) = -5*s + 7. Calculate the remainder when 33 is divided by c(0).
5
What is the remainder when 38 is divided by (-6)/15 + (-1270)/(-50)?
13
Let a(i) = 4*i + i - 5 - i. What is the remainder when 7*4 - 0/1 is divided by a(5)?
13
Let d(h) = -h**2 + 8*h + 37. Suppose -y - 4*y = -20. Suppose y*r - p - 13 = 0, 2*r - 4*r + 4*p + 10 = 0. Calculate the remainder when d(11) is divided by r.
1
Let y be 29/2*(-4)/(-2). Suppose 5*a = 216 + y. Suppose 0*h + 2*h + 3*x - 43 = 0, -5*h = -2*x - 79. Calculate the remainder when a is divided by h.
15
Let m(k) = -k**2 + 18*k - 16. Let h be m(16). Suppose -42 = -2*z - 2*a + h, z + 3*a = 29. What is the remainder when 113 is divided by z?
26
Suppose -5*r + 44 = -r. What is the remainder when 21 is divided by r?
10
Let z = 6 - 2. Suppose -2*a - a = 3. Calculate the remainder when z is divided by (4/6)/(a/(-3)).
0
Suppose f = 2*a - 27, 0 = 4*a - 3*f - 13 - 40. Calculate the remainder when a is divided by 8.
6
Let z = -73 - -77. What is the remainder when (-1 - -2)/(-1)*-15 is divided by z?
3
Suppose 0*n + 5 = 4*n + v, -8 = -n + 2*v. Suppose 2*c - 3*c = -n. Suppose -c*u - 5*y = -20, u + 2*y = -0*u + 11. What is the remainder when u is divided by 4?
3
Let s(o) be the first derivative of o**3/2 + 7*o**2/2 + 2*o + 2. Let k(b) be the first derivative of s(b). Calculate the remainder when k(7) is divided by 10.
8
Let a(j) = j**2 - 2*j. Let k be a(2). Let t = k - -6. Suppose 0 = -2*s + t*s - 260. What is the remainder when s is divided by 17?
14
Suppose 0 = 5*p - 4*c - 48, 5*c = -4 - 6. Suppose -p*y = -3*y - 190. Calculate the remainder when 17 is divided by y/4 - 2/4.
8
Suppose 45 = n + 4*n. What is the remainder when 84/n - (-1)/(-3) is divided by 6?
3
Suppose l - 20 = -3*l. Calculate the remainder when 13 is divided by l.
3
Suppose -3*u = -2 + 11. Calculate the remainder when 15 is divided by ((-6)/u)/((-3)/(-6)).
3
Suppose 2*n - 40 = -0*n - 4*w, 36 = 3*n - 2*w. Calculate the remainder when 39 is divided by n.
11
Let t(o) = 2*o**2 + 5*o**3 - 24 - 4*o + o**2 + 26. Suppose -30 = -5*m + 50. What is the remainder when t(2) is divided by m?
14
Let d be -3 + (-207)/(-5 + 2). Let q = d - 47. What is the remainder when q is divided by 11?
8
Calculate the remainder when (-4)/6 + 298/6 is divided by -5*4/(-60)*51.
15
Let f(u) = 9*u - 3. Let h be f(5). Suppose 14 = -t + h. Calculate the remainder when t is divided by 15.
13
Let r = -54 + 77. What is the remainder when r is divided by 5?
3
Let u(y) = 5*y**2 + 7*y - 5*y**2 + 6*y**2 - y**3 + 2. Suppose 4*j - 17 = 11. What is the remainder when 2 is divided by u(j)?
0
Suppose 2*r = -0*r + 118. Calculate the remainder when r is divided by 15.
14
Suppose 3 = -6*q + 9. Calculate the remainder when 4 is divided by q.
0
Suppose -i = -0 + 2. What is the remainder when 17 is divided by (-1)/i - 55/(-10)?
5
Suppose 4*p - 95 + 15 = 4*q, -80 = -4*p + 2*q. Calculate the remainder when p is divided by (-2)/(-4 + 2)*11.
9
Calculate the remainder when 82/3*3 + -2 is divided by 12.
8
Let d(r) = r**3 + 9*r**2 - 16*r - 20. Calculate the remainder when 118 is divided by d(-10).
38
Suppose 0 = -2*h + 4*h + 82. Let a(i) = 2*i**3 + 7*i**2 - 2*i - 5. Let r be a(-5). Let b = h - r. Calculate the remainder when b is divided by 16.
13
Let y = 14 + 51. Calculate the remainder when y is divided by 21 + (-3)/3 + 2.
21
Suppose -22 = 5*y + 2*d - 103, 0 = -2*y + 2*d + 24. What is the remainder when y is divided by 8?
7
Calculate the remainder when 52 is divided by (-1 + 12)/(5 + (-2 - 2)).
8
Let c(g) = 9*g - 1. Let z be c(1). Suppose 4*k - z - 24 = 0. What is the remainder when 14 is divided by k?
6
Let a(o) = o**3 + 6*o**2 - 7*o + 4. Let n be a(-7). Suppose -2*z + 149 = 5*m - 16, -109 = -n*m + 3*z. Calculate the remainder when m is divided by 8.
7
Let j be (-12 - -12)*(2 - 1). Suppose x = -j + 12. What is the remainder when 47 is divided by x?
11
What is the remainder when 150 is divided by ((228/(-9))/4)/((-2)/12)?
36
Let c(k) = k. Let w(n) = -3*n + 1. Let x(g) = 4*c(g) + w(g). Let f be x(-1). Suppose h + 4*h - 115 = f. What is the remainder when 68 is divided by h?
22
Suppose 7*k = -0*k + 266. Calculate the remainder when k is divided by 14.
10
Suppose 2*o + 2*o + 5*y + 5 = 0, -5*o - y + 20 = 0. Suppose 3*f = -k, o*k + 3*f = -f + 44. Calculate the remainder when 22 is divided by k.
10
Let f = -14 - 10. Let k = -34 - f. What is the remainder when (-2)/(-5) + (-306)/k is divided by 16?
15
Suppose 2*m - 4*m + 162 = 0. Suppose -5*d - 12 = -k, 5*d - d + m = 5*k. What is the remainder when 49 is divided by k?
15
What is the remainder when (-20)/90 + 2 + 2362/18 is divided by 45?
43
Suppose 0 = -4*j + 17 + 11. Calculate the remainder when 19 is divided by j.
5
Suppose -4*d = -2*d - 10. Suppose -d*m + 6 = -4*m. What is the remainder when 16 is divided by m?
4
Suppose 2*f + l = -l + 368, 5*l = -3*f + 550. Suppose 0*b + f = 5*b. Calculate the remainder when b is divided by 19.
18
Let y(c) = -2*c - 12. Let n be y(-7). Suppose -2*r = n*r - 16. Calculate the remainder when 10 is divided by r.
2
Let s be ((-10)/6)/(1/3). Let q = 4 + s. Let p = 2 - q. What is the remainder when p is divided by 3?
0
Let s = -25 + 42. What is the remainder when s is divided by 15?
2
Let x = -2 - -5. Suppose 0 = x*d - 11 + 2. Calculate the remainder when 3 is divided by ((-8)/3 - -3)*d.
0
Let o(i) = -i**2 + 7*i + 7. What is the remainder when 25 is divided by o(6)?
12
Let g = 43 - 32. What is the remainder when 20 is divided by g?
9
Suppose -3*u + 0*u + 123 = 0. Suppose j = 4*j + 6, -5*j - 10 = -4*x. Suppose -q = x, 0 = -2*v - 4*q - 18 + 46. Calculate the remainder when u is divided by v.
13
Suppose 0 = -4*s + 6*n - 2*n + 24, 3*s - 20 = n. Suppose -1 = 2*y - 23. Calculate the remainder when y is divided by s.
4
Let y = 35 + -11. What is the remainder when 92 is divided by y?
20
Let y(m) = 2 + m**2 + 0 + 10 + 0 + 11*m. Suppose -5*i + 8 + 7 = 0, 5*i - 65 = 5*v. Calculate the remainder when 5 is divided by y(v).
1
Suppose 0 = -2*w + k + 19, 0*w = w - 4*k - 13. Calculate the remainder when 31 is divided by w.
4
Let x be (3/(-6))/(1/(-8)). Suppose 3*r + 4*n = -10, 0 = x*r - 2*n - 15 + 43. Let z(s) = -s - 3. Calculate the remainder when 9 is divided by z(r).
0
Let r(d) = 2*d**2 - d - 2. What is the remainder when 93 is divided by r(-3)?
17
Let z(y) = -7*y - 1. Calculate the remainder when 150/(-4)*(-12)/9 is divided by z(-2).
11
Let k(y) = y**3 + 8*y**2 - 9*y + 2. Let w be k(-9). Suppose 2*b - 18 = w. Let u(n) = 3*n**2 - 3*n + 1. What is the remainder when u(3) is divided by b?
9
Let h(t) = 9*t + 2. Let r(z) = -z + 3 - 5 + 1 + 5. What is the remainder when h(3) is divided by r(-11)?
14
Let g = -147 - -301. Calculate the remainder when g is divided by 13.
11
Let x(t) = 2*t - 13. What is the remainder when x(11) is divided by 4?
1
Let c = -246 - -351. Suppose 0 = -6*b + b + c. Suppose 0 = -d + 3*a - 4, 5*d - 2*d - 3*a = 18. What is the remainder when b is divided by d?
10
Let u(w) = -w**3 + 8*w**2 - w + 8. Let h be u(8). Suppose h*t - 3*n = t - 50, -4*t - n = -145. Calculate the remainder when t is divided by 12.
11
Let m(f) = -f**3 + 6*f**2 - 3*f - 10. Let l be m(5). Suppose 5*n = 185 - l. Calculate the remainder when n is divided by 13.
11
Let h = -72 + 83. What is the remainder when 12 is divided by h?
1
Suppose 3*p = 6*p - 6. Suppose a + 26 = p*a. Suppose z + 3 - 17 = 0. Calculate the remainder when a is divided by z.
12
Suppose -h + 5 = 3*x, 2*h + 9*x - 5*x = 14. What is the remainder when 42 is divided by h?
9
Let k(y) = -3 + 21 + 3 + y - 4. Calculate the remainder when (-8)/(-36) - 205/(-9) is divided by k(-9).
7
What is the remainder when (803/33)/(1/3) is divided by 25?
23
Let r(u) = -7*u**2 + 19*u + 8. Let p(i) = -10*i**2 + 28*i + 12. Let h(s) = 5*p(s) - 7*r(s). What is the remainder when 28 is divided by h(6)?
8
Suppose 0 = 5*z - 9 - 1. Suppose -10 = -z*f - 0*f. Calculate the remainder when 17 is divided by f.
2
Calculate the remainder when 66 is divided by ((-10)/6)/((-13)/195).
16
Suppose -4*n - n - 100 = 0. Suppose 6*l = l + 325. What is the remainder when l is